{"id":3876,"date":"2023-07-18T14:34:57","date_gmt":"2023-07-18T12:34:57","guid":{"rendered":"https:\/\/www.wullaestuebli.ch\/wordpress\/?post_type=product&#038;p=3876"},"modified":"2023-07-18T14:36:44","modified_gmt":"2023-07-18T12:36:44","slug":"move-wooladdicts","status":"publish","type":"product","link":"https:\/\/www.wullaestuebli.ch\/wordpress\/produkt\/move-wooladdicts\/","title":{"rendered":"Move Wooladdicts"},"content":{"rendered":"<div class=\"item left\">\n<div id=\"article-image-full\" class=\"article-image\">\n<div id=\"itemIframe360\" class=\"iframe active\"><iframe loading=\"lazy\" id=\"iframe360\" src=\"https:\/\/transfer.langyarns.com\/Yarn\/1126\/360\/1126_0003\/1126_0003.html\" width=\"100%\" height=\"800px\" frameborder=\"0\" scrolling=\"no\" allowfullscreen=\"allowfullscreen\"><\/iframe><\/div>\n<\/div>\n<\/div>\n<div class=\"item right\">\n<div class=\"head\">\n<h1 class=\"title\">BEWEGEN\u00a0<span class=\"contentLight\">|\u00a0<span id=\"articleNumber\">1126.0003<\/span><\/span><\/h1>\n<\/div>\n<div class=\"content\">\n<p>Die Welt liegt dir zu F\u00fc\u00dfen.\u00a0Dieses Garn ist f\u00fcr Bewegung konzipiert.\u00a0Keine langweiligen Socken mehr, die schnell auseinanderfallen.\u00a0<b>MOVE\u00a0<b>ist extra stark, atmungsaktiv und spendet auch den k\u00e4ltesten Zehen gen\u00fcgend W\u00e4rme.<\/b><\/b><\/p>\n<\/div>\n<div class=\"attributes\">\n<div class=\"item\">\n<div class=\"label\">Zusammensetzung<\/div>\n<div class=\"value\">75% Schurwolle (Merino extrafine)<br \/>\nSuperwash<br \/>\n25% Polyamid<\/div>\n<\/div>\n<div class=\"item\">\n<div class=\"label\">Laufl\u00e4nge<\/div>\n<div class=\"value\">\u223c400 m \/ 100 g<\/div>\n<\/div>\n<div class=\"item\">\n<div class=\"label\">Nadel-Nr.<\/div>\n<div class=\"value\">\u00d8 2\u00bd-3 mm<\/div>\n<\/div>\n<div class=\"item\">\n<div class=\"label\">Garnst\u00e4rke<\/div>\n<div class=\"value\">Socke \/ Baby<\/div>\n<\/div>\n<div class=\"item\">\n<div class=\"label\">Pflegemerkmale<\/div>\n<div class=\"value\"><img decoding=\"async\" src=\"https:\/\/www.langyarns.com\/userfiles\/image\/symbole\/W_15.png\" \/>\u00a0<img decoding=\"async\" src=\"https:\/\/www.langyarns.com\/userfiles\/image\/symbole\/C_36.png\" \/>\u00a0<img decoding=\"async\" src=\"https:\/\/www.langyarns.com\/userfiles\/image\/symbole\/T_59.png\" \/>\u00a0<img decoding=\"async\" src=\"https:\/\/www.langyarns.com\/userfiles\/image\/symbole\/B_40.png\" \/>\u00a0<img decoding=\"async\" src=\"https:\/\/www.langyarns.com\/userfiles\/image\/symbole\/R_44.png\" \/><br \/>\nWollwaschmittel ohne Weichsp\u00fcler verwenden.<\/div>\n<\/div>\n<div class=\"item\">\n<div class=\"label\">Maschenprobe<br \/>\n<span class=\"contentLight\">10 x 10 cm<\/span><\/div>\n<div class=\"value\">\n<div class=\"layerGauge\">\n<div class=\"layerGaugeRight\"><\/div>\n<div class=\"layerGaugeBottom\"><\/div>\n<div class=\"layerGaugeRightValue\">41<\/div>\n<div class=\"layerGaugeBottomValue\">30<\/div>\n<\/div>\n<\/div>\n<\/div>\n<\/div>\n<div class=\"article\">\n<div class=\"subtitle\">\n<h2>FARBEN<\/h2>\n<\/div>\n<div class=\"list\">\n<div class=\"item\">\n<div id=\"itemArticleColor_1126_0003\" class=\"item articleColor onclick\">\n<div class=\"image onclick\"><img decoding=\"async\" class=\"img\" title=\"BEWEGEN 1126.0003\" src=\"https:\/\/transfer.langyarns.com\/Yarn\/1126\/1126_0003_LANGYARNS_Move_200_C.jpg\" alt=\"BEWEGEN 1126.0003\" \/><\/div>\n<\/div>\n<\/div>\n<div class=\"item\">\n<div id=\"itemArticleColor_1126_0005\" class=\"item articleColor onclick\">\n<div class=\"image onclick\"><img decoding=\"async\" class=\"img\" title=\"BEWEGEN 1126.0005\" src=\"https:\/\/transfer.langyarns.com\/Yarn\/1126\/1126_0005_LANGYARNS_Move_200_C.jpg\" alt=\"BEWEGEN 1126.0005\" \/><\/div>\n<\/div>\n<\/div>\n<div class=\"item\">\n<div id=\"itemArticleColor_1126_0001\" class=\"item articleColor onclick\">\n<div class=\"image onclick\"><img decoding=\"async\" class=\"img\" title=\"BEWEGEN 1126.0001\" src=\"https:\/\/transfer.langyarns.com\/Yarn\/1126\/1126_0001_LANGYARNS_Move_200_C.jpg\" alt=\"BEWEGEN 1126.0001\" \/><\/div>\n<\/div>\n<\/div>\n<div class=\"item\">\n<div id=\"itemArticleColor_1126_0004\" class=\"item articleColor onclick\">\n<div class=\"image onclick\"><img decoding=\"async\" class=\"img\" title=\"BEWEGEN 1126.0004\" src=\"https:\/\/transfer.langyarns.com\/Yarn\/1126\/1126_0004_LANGYARNS_Move_200_C.jpg\" alt=\"BEWEGEN 1126.0004\" \/><\/div>\n<\/div>\n<\/div>\n<div class=\"item\">\n<div id=\"itemArticleColor_1126_0006\" class=\"item articleColor onclick\">\n<div class=\"image onclick\"><img decoding=\"async\" class=\"img\" title=\"BEWEGEN 1126.0006\" src=\"https:\/\/transfer.langyarns.com\/Yarn\/1126\/1126_0006_LANGYARNS_Move_200_C.jpg\" alt=\"BEWEGEN 1126.0006\" \/><\/div>\n<\/div>\n<\/div>\n<div class=\"item\">\n<div id=\"itemArticleColor_1126_0002\" class=\"item articleColor onclick\">\n<div class=\"image onclick\"><img decoding=\"async\" class=\"img\" title=\"BEWEGEN 1126.0002\" src=\"https:\/\/transfer.langyarns.com\/Yarn\/1126\/1126_0002_LANGYARNS_Move_200_C.jpg\" alt=\"BEWEGEN 1126.0002\" \/><\/div>\n<\/div>\n<\/div>\n<\/div>\n<\/div>\n<div class=\"articleLink\"><a class=\"link pdf\" href=\"https:\/\/www.langyarns.com\/userfiles\/file\/generated\/1126B.pdf\" target=\"_blank\" rel=\"noopener\">FARBKARTE PDF<\/a><a class=\"link model\" href=\"https:\/\/www.langyarns.com\/de\/Strickanleitungen\/?filterYarn=1126\">MODELLE ANSEHEN<\/a><\/div>\n<\/div>\n","protected":false},"excerpt":{"rendered":"<p><b>MOVE\u00a0ist extra stark, atmungsaktiv und spendet auch den k\u00e4ltesten Zehen gen\u00fcgend W\u00e4rme.<\/b><\/p>\n","protected":false},"featured_media":3878,"template":"","meta":[],"product_brand":[],"product_cat":[16],"product_tag":[],"class_list":{"0":"post-3876","1":"product","2":"type-product","3":"status-publish","4":"has-post-thumbnail","6":"product_cat-wolle","8":"first","9":"instock","10":"shipping-taxable","11":"purchasable","12":"product-type-variable"},"_links":{"self":[{"href":"https:\/\/www.wullaestuebli.ch\/wordpress\/wp-json\/wp\/v2\/product\/3876","targetHints":{"allow":["GET"]}}],"collection":[{"href":"https:\/\/www.wullaestuebli.ch\/wordpress\/wp-json\/wp\/v2\/product"}],"about":[{"href":"https:\/\/www.wullaestuebli.ch\/wordpress\/wp-json\/wp\/v2\/types\/product"}],"wp:featuredmedia":[{"embeddable":true,"href":"https:\/\/www.wullaestuebli.ch\/wordpress\/wp-json\/wp\/v2\/media\/3878"}],"wp:attachment":[{"href":"https:\/\/www.wullaestuebli.ch\/wordpress\/wp-json\/wp\/v2\/media?parent=3876"}],"wp:term":[{"taxonomy":"product_brand","embeddable":true,"href":"https:\/\/www.wullaestuebli.ch\/wordpress\/wp-json\/wp\/v2\/product_brand?post=3876"},{"taxonomy":"product_cat","embeddable":true,"href":"https:\/\/www.wullaestuebli.ch\/wordpress\/wp-json\/wp\/v2\/product_cat?post=3876"},{"taxonomy":"product_tag","embeddable":true,"href":"https:\/\/www.wullaestuebli.ch\/wordpress\/wp-json\/wp\/v2\/product_tag?post=3876"}],"curies":[{"name":"wp","href":"https:\/\/api.w.org\/{rel}","templated":true}]}}