{"id":3776,"date":"2023-05-01T14:53:55","date_gmt":"2023-05-01T12:53:55","guid":{"rendered":"https:\/\/www.wullaestuebli.ch\/wordpress\/?post_type=product&#038;p=3776"},"modified":"2023-05-31T09:18:37","modified_gmt":"2023-05-31T07:18:37","slug":"pfeffer-black-bolaven","status":"publish","type":"product","link":"https:\/\/www.wullaestuebli.ch\/wordpress\/produkt\/pfeffer-black-bolaven\/","title":{"rendered":"Pfeffer black Bolaven"},"content":{"rendered":"<p>Unser gesamter Pfeffer ist vollst\u00e4ndig biologisch, handgepfl\u00fcckt und mit gr\u00f6\u00dfter Sorgfalt sortiert und schonend getrocknet.<\/p>\n","protected":false},"excerpt":{"rendered":"<p>Die Mai Savanh Lao Farm liegt in der unber\u00fchrten Gegend des Bolaven-Plateaus im S\u00fcden von Laos.<\/p>\n<p>Dieser Gourmet-Pfeffer mit Aromen von roten Beeren, Datteln und Lebkuchen wird Sie begeistern.<\/p>\n<p>Dies ist ein zertifiziertes Fair-Trade-Produkt von \u00a0Mai Savanh Lao.<\/p>\n","protected":false},"featured_media":3855,"template":"","meta":[],"product_brand":[],"product_cat":[21],"product_tag":[],"class_list":{"0":"post-3776","1":"product","2":"type-product","3":"status-publish","4":"has-post-thumbnail","6":"product_cat-honlai-tee-oel","8":"first","9":"instock","10":"shipping-taxable","11":"purchasable","12":"product-type-variable"},"_links":{"self":[{"href":"https:\/\/www.wullaestuebli.ch\/wordpress\/wp-json\/wp\/v2\/product\/3776","targetHints":{"allow":["GET"]}}],"collection":[{"href":"https:\/\/www.wullaestuebli.ch\/wordpress\/wp-json\/wp\/v2\/product"}],"about":[{"href":"https:\/\/www.wullaestuebli.ch\/wordpress\/wp-json\/wp\/v2\/types\/product"}],"wp:featuredmedia":[{"embeddable":true,"href":"https:\/\/www.wullaestuebli.ch\/wordpress\/wp-json\/wp\/v2\/media\/3855"}],"wp:attachment":[{"href":"https:\/\/www.wullaestuebli.ch\/wordpress\/wp-json\/wp\/v2\/media?parent=3776"}],"wp:term":[{"taxonomy":"product_brand","embeddable":true,"href":"https:\/\/www.wullaestuebli.ch\/wordpress\/wp-json\/wp\/v2\/product_brand?post=3776"},{"taxonomy":"product_cat","embeddable":true,"href":"https:\/\/www.wullaestuebli.ch\/wordpress\/wp-json\/wp\/v2\/product_cat?post=3776"},{"taxonomy":"product_tag","embeddable":true,"href":"https:\/\/www.wullaestuebli.ch\/wordpress\/wp-json\/wp\/v2\/product_tag?post=3776"}],"curies":[{"name":"wp","href":"https:\/\/api.w.org\/{rel}","templated":true}]}}