{"id":63,"date":"2017-09-29T18:42:32","date_gmt":"2017-09-29T16:42:32","guid":{"rendered":"http:\/\/www.wullaestuebli.ch\/wordpress\/?page_id=63"},"modified":"2026-04-02T17:33:28","modified_gmt":"2026-04-02T15:33:28","slug":"kurse-events","status":"publish","type":"page","link":"https:\/\/www.wullaestuebli.ch\/wordpress\/kurse-events\/","title":{"rendered":"Strickkurse"},"content":{"rendered":"<pre><\/pre>\n<p>Wir freuen uns riesig, euch wieder in unseren kleinen pers\u00f6nlichen Kursen begr\u00fcssen zu d\u00fcrfen.<\/p>\n<h2><img loading=\"lazy\" decoding=\"async\" class=\" wp-image-2064 alignright\" style=\"font-family: inherit; font-weight: inherit; letter-spacing: 0.1em; color: #515150; font-size: 20px;\" src=\"http:\/\/www.wullaestuebli.ch\/wordpress\/wp-content\/uploads\/2020\/10\/bild2-1.jpg\" alt=\"\" width=\"166\" height=\"170\" \/><\/h2>\n<h2><strong>Strickkurse im Wull\u00e4st\u00fcbli Buchackern\u00a0<\/strong><\/h2>\n<p>&nbsp;<\/p>\n<p>Stricken trainiert die Muskeln und erh\u00e4lt unsere beiden Gehirnh\u00e4lften in Topform.<br \/>\nGleichzeitig bauen wir so Stress ab und ganz nebenbei entstehen die sch\u00f6nsten Strickst\u00fccke.<\/p>\n<p>Stricken ist Mode, Kreativit\u00e4t, Hobby und Entspannung.<br \/>\nDas Spiel mit Farben, Material und Muster soll anregen, die eigene Kreativit\u00e4t zu leben.<\/p>\n<p>Im gem\u00fctlichen Wull\u00e4st\u00fcbli Ambiente finden verschiedene Kurse in kleinen Gruppen von 3 &#8211; 4 Personen statt. Bei Kaffee, Tee etc. und etwas S\u00fcssem lassen wir die Stricknadeln klappern. Die Inhalte der Kurse werden laufend den Kundenbed\u00fcrfnissen angepasst.<\/p>\n<p>Gerne besprechen wir dein Strickobjekt vorab in unserem Laden, damit du am Kursabend sofort starten kannst. Zwischen den Kurszeiten solltest du gen\u00fcgend Zeit haben, um an deinem Objekt weiter zu stricken.<\/p>\n<p>10% Rabatt auf das Strickmaterial w\u00e4hrend des Kurses.<br \/>\nUnsere eigenen Strickanleitungen stellen wir dir kostenlos zur Verf\u00fcgung.<\/p>\n<p>Wenn du selber eine Gruppe von mind. 4 Personen anmeldest, k\u00f6nnt ihr das Kursdatum selber festlegen. Interesse geweckt? Dann schau dir unser Programm an und melde dich an.<\/p>\n<p>Anmeldungen werden ab sofort gerne entgegengenommen. Die Startdaten werden wir mit euch absprechen. F\u00fcr weitere Infos einfach anrufen. Tel. 071 648 23 45 oder 079 525 34 63 auch WhatsApp oder per Email m-tanner@bluewin.ch<\/p>\n<p>Bis bald und liebe Gr\u00fcsse<br \/>\ns&#8217;Wull\u00e4st\u00fcbli-Team<\/p>\n<h2>Berechne Deinen Eigenen Pullover\u00a0 \u00a0KURS 1<\/h2>\n<p>M\u00f6chtest du dein eigenes Strickobjekt verwirklichen?<\/p>\n<p><img loading=\"lazy\" decoding=\"async\" class=\"wp-image-2054 alignright\" style=\"font-family: inherit; font-weight: inherit;\" src=\"http:\/\/www.wullaestuebli.ch\/wordpress\/wp-content\/uploads\/2020\/10\/bild2-280x300.jpg\" alt=\"\" width=\"142\" height=\"152\" srcset=\"https:\/\/www.wullaestuebli.ch\/wordpress\/wp-content\/uploads\/2020\/10\/bild2-280x300.jpg 280w, https:\/\/www.wullaestuebli.ch\/wordpress\/wp-content\/uploads\/2020\/10\/bild2-400x428.jpg 400w, https:\/\/www.wullaestuebli.ch\/wordpress\/wp-content\/uploads\/2020\/10\/bild2.jpg 484w\" sizes=\"auto, (max-width: 142px) 100vw, 142px\" \/><\/p>\n<p>In diesem Kurs erlernst du deinen eigenen Wunschpullover zu berechnen. Ausmessen,\u00a0<span style=\"font-family: inherit; font-weight: inherit;\">ausrechnen, Halsausschnitt etc.\u00a0 und du erh\u00e4ltst praktische Unterlagen. Ein Nachmittag oder Abend.\u00a0<\/span><\/p>\n<p><span style=\"color: #000000;\"><strong>Start auf Anfrage.<\/strong><\/span><\/p>\n<p>Mitbringen: Eine Maschenprobe mit dem gew\u00fcnschten Material im Muster wie der Pullover gestrickt werden soll, ca. 12x12cm und gewaschen, evt. Taschenrechner,\u00a0 Schreibzeug und Centimeter.<\/p>\n<p>Kurskosten: Fr. 40.&#8211;<br \/>\n<span style=\"font-family: inherit; font-weight: inherit;\">Voraussetzung: Grundkenntnisse im Stricken.<br \/>\n<\/span><span style=\"font-family: inherit; font-weight: inherit;\">Kursleitung:<\/span><span style=\"font-family: inherit; font-weight: inherit;\">\u00a0Charlotte\u00a0 Kirchhoff<\/span><\/p>\n<h2>Accessoires Kurs 6<\/h2>\n<p>Wir stricken M\u00fctzen, Schals, Loops, Pulsw\u00e4rmer etc. Modelle k\u00f6nnen nach Wunsch gestrickt werden.<\/p>\n<p>Die Kurse finden an 2 aufeinanderfolgenden gleichen Wochentagen statt.<\/p>\n<p><strong>Start auf Anfrage:<\/strong><\/p>\n<p>Zwei Abende oder zwei Nachmittage:<\/p>\n<p>Kurskosten: Fr. 80.&#8211;<br \/>\nMaterial ca. Fr. 10.&#8211; bis Fr. 60.&#8211;<br \/>\nKursleitung: Margrit Tanner<\/p>\n<h2>Simultantechnik &#8211; Farbmuster schnell gestrickt Kurs 4<span style=\"font-size: 2rem; letter-spacing: 0.1em;\">\u00a0<\/span><img loading=\"lazy\" decoding=\"async\" class=\"wp-image-2063 alignright\" style=\"font-size: 2rem; letter-spacing: 0.1em;\" src=\"http:\/\/www.wullaestuebli.ch\/wordpress\/wp-content\/uploads\/2020\/10\/bild1-300x225.jpg\" alt=\"\" width=\"165\" height=\"123\" srcset=\"https:\/\/www.wullaestuebli.ch\/wordpress\/wp-content\/uploads\/2020\/10\/bild1-300x225.jpg 300w, https:\/\/www.wullaestuebli.ch\/wordpress\/wp-content\/uploads\/2020\/10\/bild1.jpg 346w\" sizes=\"auto, (max-width: 165px) 100vw, 165px\" \/><\/h2>\n<p>Ob glatt rechts, links oder rechts-links: Trendige Farbmuster peppen dein Strickmodell zu einem wertvollen Lieblingsmodell auf und zaubern Individualit\u00e4t in dein Outfit. Mit der innovativen Simultantechnik von Ursula Braun gelingen deine Projekte jetzt in viel k\u00fcrzerer Zeit. Diese Stricktechnik bietet Anf\u00e4ngern und Fortgeschrittenen wesentliche Erleichterungen und Verbesserungen beim Stricken jeglicher Farb- und Norwegermuster. Das Stricken auf diese Weise macht unglaublich Spass und bringt Freude und Farbe in deinem Strickalltag.<\/p>\n<p><strong>Grundkurs<\/strong>: Farbmuster doppelt schnell und einfach stricken<br \/>\nFarbmusterstricken in R\u00fcckreihen<br \/>\nSpannf\u00e4den einweben<\/p>\n<p>Diese Kurse k\u00f6nnen auf Anfrage auch am Morgen durchgef\u00fchrt werden von 8.30 Uhr &#8211; 11.00 Uhr<\/p>\n<p><span style=\"color: #ff0000;\"><b>Start auf Anfrage:<\/b><\/span><\/p>\n<p><strong>Kurskosten: Fr. 50.&#8211;<\/strong><\/p>\n<p>inkl. Anleitungen und Probematerial, exkl. Materialien f\u00fcr gr\u00f6ssere Objekte.<br \/>\nVorkenntnisse: einfache Grundkenntnisse im Stricken.<br \/>\nKursleitung: Ursula Braun<\/p>\n<p><strong>Folgekurs Technikvariationen<\/strong><\/p>\n<p>Farbmuster mit auf der Vorderseite linken Maschen<br \/>\nFarbmuster mit rechten und linken Maschen<br \/>\nKeltisches B\u00fcndchen<br \/>\nDouble Face (einfache Grundlagen)<br \/>\nStricken mit drei F\u00e4den gleichzeitig<\/p>\n<p>Termin: Nach Vereinbarung.<br \/>\nStart auf Anfrage:<\/p>\n<p>Kurskosten: Fr. 50.&#8211; inkl. Umfangreiche Anleitungen und Probematerial exkl. Material f\u00fcr gr\u00f6ssere Objekte.<br \/>\nVorkenntnisse: Grundkurs besucht<br \/>\nKursleitung: Ursula Braun<\/p>\n<h2>Verk\u00fcrzte Reihen Kurs 2<\/h2>\n<p>Super Effekte entstehen lassen mit der Technik verk\u00fcrzte Reihen und Verlaufsgarn. Wir starten mit einem Schal oder einer Handy-H\u00fclle.<br \/>\nEin Nachmittag oder ein Abend.<\/p>\n<p><img loading=\"lazy\" decoding=\"async\" class=\"wp-image-2067 alignright\" src=\"http:\/\/www.wullaestuebli.ch\/wordpress\/wp-content\/uploads\/2020\/10\/bild3-225x300.jpg\" alt=\"\" width=\"123\" height=\"164\" srcset=\"https:\/\/www.wullaestuebli.ch\/wordpress\/wp-content\/uploads\/2020\/10\/bild3-225x300.jpg 225w, https:\/\/www.wullaestuebli.ch\/wordpress\/wp-content\/uploads\/2020\/10\/bild3.jpg 332w\" sizes=\"auto, (max-width: 123px) 100vw, 123px\" \/><b>Start auf Anfrage.<\/b><\/p>\n<p><strong>Kurskosten:<\/strong> Fr. 40.\u2014<br \/>\n<strong>Materialkosten:<\/strong> ab ca. Fr. 15.20<br \/>\n<strong>Voraussetzung:<\/strong> Grundkenntnisse im Stricken.<br \/>\n<strong>Mitbringen:<\/strong> wenn vorhanden Stricknadeln &#8211;\u00a0Gr\u00f6sse, 3.0 \u2013 4.0<br \/>\n<strong>Kursleitung:<\/strong> Patricia Forter<strong>\u00a0 \u00a0<\/strong><\/p>\n<h2>RVO-Raglan von oben gestrickt Kurs 3<\/h2>\n<h2><img loading=\"lazy\" decoding=\"async\" class=\"wp-image-2066 alignright\" style=\"color: #515150; font-family: inherit; font-size: 20px; font-weight: inherit;\" src=\"http:\/\/www.wullaestuebli.ch\/wordpress\/wp-content\/uploads\/2020\/10\/bild2-2-300x225.jpg\" alt=\"\" width=\"167\" height=\"125\" srcset=\"https:\/\/www.wullaestuebli.ch\/wordpress\/wp-content\/uploads\/2020\/10\/bild2-2-300x225.jpg 300w, https:\/\/www.wullaestuebli.ch\/wordpress\/wp-content\/uploads\/2020\/10\/bild2-2-400x300.jpg 400w, https:\/\/www.wullaestuebli.ch\/wordpress\/wp-content\/uploads\/2020\/10\/bild2-2.jpg 577w\" sizes=\"auto, (max-width: 167px) 100vw, 167px\" \/><\/h2>\n<p>Wir lernen die Grundlagen und das Berechnen eines RVO Pullovers. Das heisst wir stricken einen Pullover von oben. Wir beginnen mit einem gut passenden einfachen Pullover Langarm- Kurzarm- oder Kinderpullover.<\/p>\n<p>Zwei Nachmittage:<br \/>\nDer erste Nachmittag geht ca. 3 Stunden der zweite Nachmittag noch ca. 1 Stunde. Das Datum f\u00fcr den<br \/>\nzweiten Nachmittag ist noch offen.<\/p>\n<p><strong><span style=\"color: #ff0000;\">Kurs 2\u00a0 1. Nachmittag\u00a0 14.4.26\u00a0 14.OO &#8211; 17.00 Uhr (ausgebucht)<br \/>\nKurs 3\u00a0 1. Nachmittag Donnerstag, 23.4.26 (ausgebucht)<\/span><\/strong><\/p>\n<p>&nbsp;<\/p>\n<p><strong>1. Teil\u00a0 3 Stunden<br \/>\n2. Teil 1 Stunde<\/strong><\/p>\n<p><strong>Kurskosten:<\/strong> beide Nachmittage Fr. 80.&#8211;<\/p>\n<p><strong style=\"font-family: inherit;\">Material:<\/strong><span style=\"font-family: inherit; font-weight: inherit;\"> Je nach Modell<\/span><\/p>\n<p><strong style=\"font-family: inherit;\">Voraussetzung:<\/strong><span style=\"font-family: inherit; font-weight: inherit;\"> Grundkenntnisse im Stricken. <\/span><strong>Mitbringen:<\/strong> Unbedingt eine Maschenprobe mit dem gew\u00fcnschten Material glatt gestrickt. ca. 12 x 12cm und gewaschen und eventuell einen gut sitzenden Pullover. Rund-Stricknadeln \/ 50cm \u2013 60cm und 8 Maschenmarkierer, wenn vorhanden. Ansonsten ist alles im Wull\u00e4st\u00fcbli erh\u00e4ltlich.<\/p>\n<p><strong>Kursleitung:<\/strong> Patricia Forter<\/p>\n<h2><strong>Anf\u00e4nger oder Einsteigerinnen Kurs 5 <\/strong><\/h2>\n<p>1 x 1 des Strickens-Dieser Kurs ist f\u00fcr Neulinge-Sie erlernen die Grundbegriffe des Strickens-Anschlagen-abketten aufnehmen-abnehmen und einfache Strickmuster.<\/p>\n<p>Die Kurse finden an 3 aufeinanderfolgende gleiche Wochentage statt. In kleinen Gruppen k\u00f6nnen auch einzelne Kurse besucht werden.<\/p>\n<p>3 Abende oder<br \/>\n<span style=\"font-family: inherit; font-weight: inherit;\">3 Nachmittage<\/span><\/p>\n<p><span style=\"color: #ff0000;\"><b>Start auf Anfrage:<\/b><\/span><\/p>\n<p>1. Kurs Mittwoch 14.00 \u2013 16.00 Uhr<\/p>\n<p><span style=\"font-family: inherit; font-weight: inherit;\">2. Kurs Freitag 14.00 \u2013 16.00 Uhr<\/span><\/p>\n<p>Abende auf Anfrage.<\/p>\n<p>Kurskosten: Fr. 120..&#8211;<br \/>\n<span style=\"font-family: inherit; font-weight: inherit;\">Materialkosten: Fr. 10.&#8211; bis Fr. 60.&#8211;<br \/>\n<\/span><span style=\"font-family: inherit; font-weight: inherit;\">Kursleitung: Margrit Tanner<\/span><\/p>\n<p>&nbsp;<\/p>\n<p>&nbsp;<\/p>\n","protected":false},"excerpt":{"rendered":"<p>Wir freuen uns riesig, euch wieder in unseren kleinen pers\u00f6nlichen Kursen begr\u00fcssen zu d\u00fcrfen. Strickkurse im Wull\u00e4st\u00fcbli Buchackern\u00a0 &nbsp; Stricken trainiert die Muskeln und erh\u00e4lt unsere beiden Gehirnh\u00e4lften in Topform. Gleichzeitig bauen wir so Stress ab und ganz nebenbei entstehen die sch\u00f6nsten Strickst\u00fccke. Stricken ist Mode, Kreativit\u00e4t, Hobby und Entspannung. Das Spiel mit Farben, Material..<\/p>\n","protected":false},"author":62,"featured_media":229,"parent":0,"menu_order":0,"comment_status":"closed","ping_status":"closed","template":"","meta":{"footnotes":""},"class_list":["post-63","page","type-page","status-publish","has-post-thumbnail","hentry"],"_links":{"self":[{"href":"https:\/\/www.wullaestuebli.ch\/wordpress\/wp-json\/wp\/v2\/pages\/63","targetHints":{"allow":["GET"]}}],"collection":[{"href":"https:\/\/www.wullaestuebli.ch\/wordpress\/wp-json\/wp\/v2\/pages"}],"about":[{"href":"https:\/\/www.wullaestuebli.ch\/wordpress\/wp-json\/wp\/v2\/types\/page"}],"author":[{"embeddable":true,"href":"https:\/\/www.wullaestuebli.ch\/wordpress\/wp-json\/wp\/v2\/users\/62"}],"replies":[{"embeddable":true,"href":"https:\/\/www.wullaestuebli.ch\/wordpress\/wp-json\/wp\/v2\/comments?post=63"}],"version-history":[{"count":130,"href":"https:\/\/www.wullaestuebli.ch\/wordpress\/wp-json\/wp\/v2\/pages\/63\/revisions"}],"predecessor-version":[{"id":4925,"href":"https:\/\/www.wullaestuebli.ch\/wordpress\/wp-json\/wp\/v2\/pages\/63\/revisions\/4925"}],"wp:featuredmedia":[{"embeddable":true,"href":"https:\/\/www.wullaestuebli.ch\/wordpress\/wp-json\/wp\/v2\/media\/229"}],"wp:attachment":[{"href":"https:\/\/www.wullaestuebli.ch\/wordpress\/wp-json\/wp\/v2\/media?parent=63"}],"curies":[{"name":"wp","href":"https:\/\/api.w.org\/{rel}","templated":true}]}}